 544*l**2 + 32*l - 80. List the prime factors of u(2).
2, 3, 5
Let j = 31537 - 14476. List the prime factors of j.
3, 11, 47
Let y(b) = -5*b + 3*b - 2*b + 0*b**2 + 6*b**2 - 6*b. Let k be 2 + 2/((-6)/(-15)). List the prime factors of y(k).
2, 7
Let f(b) = -b**3 + 10*b**2 + 24*b + 6. Let r be f(12). Let z(d) = 1519*d + r - 1 - 1553*d. List the prime factors of z(-1).
3, 13
Suppose -280 = -3*l + 14. Let m = l - -15. Let r = m + -55. List the prime factors of r.
2, 29
Let z be (9/6)/(12/(-840)). Let d = 324 + z. What are the prime factors of d?
3, 73
Let w be ((-9)/21)/3 + (-2985)/(-21). Suppose -9*v + 952 = w. List the prime factors of v.
2, 3, 5
Let b be (-4 + 3 + 274)*-1. Let z = 639 + b. What are the prime factors of z?
2, 3, 61
Let i = -31 - -35. Suppose 8 + 3 = -x + i*u, -3*u + 24 = x. List the prime factors of (x/(-4))/((-12)/320).
2, 3, 5
Suppose 3*z = -z + 2*v + 9298, 0 = -2*z - 2*v + 4646. Suppose -3*c = j - z, 2*c - 3*j + 772 = 3*c. What are the prime factors of c?
5, 31
Let k(l) = 2*l**2 - 6*l - 19. Let p = 37 - 41. Let g be k(p). Suppose 29*j = g*j - 504. What are the prime factors of j?
3, 7
Let z(c) = -161*c - 102. Suppose -8*y + 129 = 153. What are the prime factors of z(y)?
3, 127
Suppose -5*t + 4*r = -5893, 4*r - 3523 = -t - 2*t. Let y = t - 295. What are the prime factors of y?
2, 3, 7
Suppose 2*v - 18 = -4*b - 10, 0 = 2*v - 3*b - 15. Suppose 3*p = -2*t + 182, -v*t + 2*p = -3*t - 299. List the prime factors of t.
97
Let q be 4 - 6/2 - 1. Let k be (4/(-12)*q)/2. Suppose -3*x + 2*s + 35 = 0, 5*x - 50 = -5*s - k*s. What are the prime factors of x?
11
Let w be ((-63)/35)/((-111)/30 + 4). What are the prime factors of (4/((-32)/24))/(w/1904)?
2, 7, 17
Suppose 0 = -2*x + 4*x. Let t be (-3)/(2 + -3 + x). Suppose -5*s + t*v = -2*v - 135, 33 = s + 5*v. What are the prime factors of s?
2, 7
Suppose -3*y - 3*r = -12 - 18, 0 = 2*y - 4*r + 4. Let z be y*(-20)/15*-11. Suppose -s + z + 38 = 0. What are the prime factors of s?
2, 3, 7
Let n(x) = x**3 + 6*x**2 + 3*x + 6. Let p be n(-4). Let t = 1065 + -1001. Let h = p + t. What are the prime factors of h?
2, 3, 5
Suppose 4*d - 5*b = 69665, 2*d - 13210 = -5*b + 21645. What are the prime factors of d?
2, 5, 13, 67
Suppose 4*x - 4*v = v - 41, 0 = -v + 5. What are the prime factors of x - -6*(273/2 + -3)?
797
Let q = -39 - -44. Let c be -4 + ((-25)/(-5) - q). What are the prime factors of c/(3 - (-736)/(-244))?
2, 61
Let w(u) = -471*u - 3668. What are the prime factors of w(-46)?
2, 8999
Let t(o) = 12505*o**3 - 7*o**2 + 27*o - 22. List the prime factors of t(1).
12503
Let t(c) = 35*c**3 + 2*c**2 - 12*c + 9. Let y be t(3). Let r = y - 357. What are the prime factors of r?
3, 193
Let j(y) = 323*y**3 - 6*y**2 + 19. List the prime factors of j(5).
2, 10061
Suppose 258*h - 260*h = -3*b - 6107, h = -5*b + 3086. List the prime factors of h.
3061
Let s(a) = -2*a**2 - 7. Let f be s(0). Let i(l) = 13*l**2 + 5*l + 97. List the prime factors of i(f).
3, 233
Suppose -11*l + 293446 + 473355 = 38*l. What are the prime factors of l?
15649
Let u(q) be the first derivative of 3*q**4 - q**3/3 - 2*q**2 + 3*q - 15. What are the prime factors of u(3)?
2, 3, 17
Suppose 0 = 5*p - w - 84813, 8*p - 5*p = -2*w + 50880. What are the prime factors of p?
2, 3, 11, 257
Let k(d) = 293*d - 26. Let m be k(-3). Let z = 1786 + m. List the prime factors of z.
881
Suppose 0 = 5*u + 5*y + 26624 - 108009, u = -5*y + 16273. List the prime factors of u.
2, 3, 2713
Let b = -267 + 263. What are the prime factors of 7 + 3 + b + 191?
197
Let w(o) = -o**3 + 13*o**2 + 52*o - 50. Let v be w(16). List the prime factors of v - 12/42*7.
2, 3
Suppose -2*q + 1 + 5 = 0. Suppose -43*c + 29*c = 38*c - 728. List the prime factors of (-144)/(-14)*c/q.
2, 3
Suppose -78 = 3*b + 63. Let x = 9 - b. Suppose w - 211 = -4*r, -5*w = -4*r + x + 161. What are the prime factors of r?
53
Suppose 0 = 4*u - 3*u + 2*s - 2887, s = 0. List the prime factors of u.
2887
What are the prime factors of 3 + 9/(18/5666)?
2, 709
List the prime factors of -14242*12/(-8) - 0.
3, 7121
Suppose 46 = -2*c + 4*c. Suppose -i - c = -1. List the prime factors of 15*(i/(-3))/2.
5, 11
Let w(i) = i**3 + 5*i**2 + 5*i + 6. Let s = 8 + -12. Let d be w(s). Suppose d*c - 3*l - 26 = 82, 3*c - 192 = -3*l. What are the prime factors of c?
2, 3, 5
Suppose 22*u - 26*u = -1984. Let i = u - 338. What are the prime factors of i?
2, 79
Suppose 0 = 8*d - 1219 - 6013. Suppose 2*i - 904 = 5*q - 2*q, 2*i - 4*q - d = 0. What are the prime factors of i?
2, 113
Let q = 570 - 330. Suppose -q = -12*n - 12. What are the prime factors of n?
19
Let h = -1334 + 5150. List the prime factors of h.
2, 3, 53
Suppose 4*h + 0*h + 5*g - 73053 = 0, -4*g = 12. What are the prime factors of h?
3, 6089
Let w = -215 + 31. Let i = -120 - w. What are the prime factors of i?
2
Suppose 59 = -3*c - 4*k - 2, 4*k + 4 = 0. Let v = c + 35. Suppose v = y - 13. List the prime factors of y.
29
Let q(m) = -11*m - 5. Let u(a) = 1. Let o(x) = q(x) + 5*u(x). Let p be o(-14). Suppose 0 = 2*s + 10, 2*z + 4*s - p = 0. What are the prime factors of z?
3, 29
Let q = -128 + 223. Suppose q = -j + 567. List the prime factors of j.
2, 59
What are the prime factors of -2551*11/77*-7?
2551
Suppose 0 = -g + 3*g + 10, -z + 5*g + 28 = 0. Suppose -r + 258 = 5*h, r + z*r = -h + 1070. What are the prime factors of r?
2, 67
Let z(a) = -a**3 + 7*a**2 + 20*a + 30. Let m be z(-6). Suppose 4*w = -4*y + 710 + m, -2*w = -3*y - 534. What are the prime factors of w?
2, 3, 5
Suppose -3*p - 5117 = -19496. List the prime factors of p.
4793
Suppose 88*q = 90*q - 1016. Let t = q + -268. What are the prime factors of t?
2, 3, 5
Let b(v) = 2*v**2 + 44*v - 8. Let g be 1 - ((-108)/(-30))/(3/20). List the prime factors of b(g).
2, 19
Suppose 5*v - 4 = 2*p, -5*p + 6 = -2*v - 5. Let r(h) = 3 - 10*h - 2 - p*h - 4. List the prime factors of r(-1).
2, 5
Let r(w) = 144*w**2 + 44*w + 120. List the prime factors of r(-4).
2, 281
Let n be (12/8)/(5/(-110)). Let w = 194 + n. What are the prime factors of w?
7, 23
Suppose y - 4828 = 2*x - 32093, -54526 = -4*x - 2*y. List the prime factors of x.
2, 3, 71
Suppose 5*r - j = 16, 5*r - 2*j - 18 = -6. Suppose -5*x + 4*q = -0 - 670, -x + 150 = -r*q. List the prime factors of x.
2, 5, 13
Let z be ((-36)/48 + (-3)/(-12))*94. Let w = -246 - -165. Let i = z - w. What are the prime factors of i?
2, 17
Suppose -2*h - 7 + 1 = 0, 8 = j - 4*h. Let x be 2 - 0/(16/j). Suppose m - 141 = -x*m. What are the prime factors of m?
47
List the prime factors of (11697/(-2))/(-3) - (15 - (-248)/(-16)).
2, 3, 5, 13
Let p be -2 - (-9)/(2 - -1). Let f(q) = -4*q + 8. Let o be f(p). What are the prime factors of 71*1/(5 - o)?
71
Suppose -44 + 12 = -4*k. Suppose -502 = -5*i + k. List the prime factors of i.
2, 3, 17
Suppose -5031 + 17938 = 5*b - 5973. What are the prime factors of b?
2, 59
Let y = 150533 + -62379. What are the prime factors of y?
2, 11, 4007
Let v(j) = -85*j + 12. Let d be v(-4). Let w = -184 + d. List the prime factors of w.
2, 3, 7
Let x(i) = 85*i + 11527. What are the prime factors of x(-120)?
1327
Let z(m) = -m**3 + 10*m**2 - 5*m - 21. Let s be z(9). What are the prime factors of ((-84)/s*2)/((-2)/350)?
2, 5, 7
Let k be -118*((-20)/(-8)*-1 + 3). Let v = k + 380. What are the prime factors of v?
3, 107
Suppose -5*z = 4*p + 103 + 83, 4*p - 4*z = -168. Let s = 48 + p. Suppose -s*l = n - 553, -2*l + 5*n = 2*n - 259. List the prime factors of l.
137
Let y be 2*53/5*605/22. Suppose -3*u = 11*a - 6*a - 2949, -a - 4*u + y = 0. List the prime factors of a.
3, 197
Let p = -14497 - -29846. What are the prime factors of p?
15349
Let s = -16548 - -32619. What are the prime factors of s?
3, 11, 487
Suppose -8*p - 876 = -12*p. Suppose -591 = x + 4*o + p, -5*x - 2*o = 4032. List the prime factors of 1/(2/(-4) - 429/x).
31
Let g = -196 - -198. Suppose -4*n = -g*m - 4052, -3*n + 4*m - 9*m = -3013. What are the prime factors of n?
3, 337
Suppose -147*v = -145*v - 4. Suppose v*t - 493 = 637. List the prime factors of t.
5, 113
Suppose -2*q - 206 = 410. Let d = -200 - q. List the prime factors of d.
2, 3
Let b(i) = 441*i + 4781. List the prime factors of b(15).
2, 7, 11, 37
Let h(p) = 204*p**2 + 163*p + 199. What are the prime factors of h(-14)?
151, 251
Suppose 184 = -128